{"id":143,"date":"2018-04-26T15:01:34","date_gmt":"2018-04-26T13:01:34","guid":{"rendered":"https:\/\/forgeim.univ-lyon1.fr\/hkg\/?page_id=143"},"modified":"2025-02-19T22:47:13","modified_gmt":"2025-02-19T21:47:13","slug":"infos-pratiques","status":"publish","type":"page","link":"https:\/\/mastermas.univ-lyon1.fr\/index.php\/infos-pratiques\/","title":{"rendered":"Infos pratiques"},"content":{"rendered":"<h1 class=\"page-title\"><strong style=\"font-family: 'Open Sans', sans-serif; font-size: 16px;\">Contact scolarit\u00e9 :<\/strong><span style=\"font-family: 'Open Sans', sans-serif; font-size: 16px;\">\u00a0 <a href=\"mailto:Scolarite.Mathematiques@univ-lyon1.fr\">Scolarite.Mathematiques@univ-lyon1.fr<\/a><a href=\"mailto:Delphine.Jouve@univ-lyon1.fr\">\u00a0<\/a><\/span><span style=\"font-family: 'Open Sans', sans-serif; font-size: 16px;\">&#8211; T\u00e9l : +33 (0)4 72 44 85 53<\/span><\/h1>\n<div class=\"node node-page node-full\">\n<div class=\"field field-name-body field-type-text-with-summary field-label-hidden\">\n<div class=\"field-items\">\n<div class=\"field-item even\">\n<p><strong>Contacts p\u00e9dagogiques :<\/strong><\/p>\n<ul>\n<li>G\u00e9n\u00e9ralit\u00e9s Master : <a href=\"mailto:masnou@math.univ-lyon1.fr\">Simon MASNOU<\/a> &#8211; T\u00e9l : +33 (0)4 72 43 13 86<\/li>\n<li>M1 : <a href=\"mailto:poquet@math.univ-lyon1.fr\">Christophe POQUET<\/a> &#8211; T\u00e9l : +33 (0)4 72 44 79 39<\/li>\n<li>M2 Maths en action :\u00a0<a href=\"mailto:masnou@math.univ-lyon1.fr\">Simon MASNOU<\/a> &#8211; T\u00e9l : +33 (0)4 72 43 13 86<\/li>\n<li>M2 SMSD : <a href=\"mailto:gabriela.ciuperca@univ-lyon1.fr?subject=M2%20SITN\">Gabriela CIUPERCA<\/a> &#8211; T\u00e9l : +33 (0)4 26 23 45 57<\/li>\n<li>M2 intra-mentions CCI : <a href=\"mailto:parisa.ghodous@liris.cnrs.fr?subject=M2%20CCI\">Parisa GHODOUS<\/a>\u00a0&#8211; T\u00e9l : \u00a0+33 (0)<span lang=\"EN-GB\" xml:lang=\"EN-GB\">4 72 44 58 84<\/span><\/li>\n<li>M2 intra-mentions Ing\u00e9nierie technico-commerciale : <a href=\"mailto:brigitte.prevel@univ-lyon1.fr\">Brigitte PR\u00c9VEL<\/a>\u00a0&#8211; T\u00e9l : +33 (0)4 72 44 81 89<\/li>\n<\/ul>\n<\/div>\n<\/div>\n<\/div>\n<\/div>\n","protected":false},"excerpt":{"rendered":"<p>Contact scolarit\u00e9 :\u00a0 Scolarite.Mathematiques@univ-lyon1.fr\u00a0&#8211; T\u00e9l : +33 (0)4 72 44 85 53 Contacts p\u00e9dagogiques : G\u00e9n\u00e9ralit\u00e9s Master : Simon MASNOU &#8211; T\u00e9l : +33 (0)4 72 43 13 86 M1 : Christophe POQUET &#8211; T\u00e9l : +33 (0)4 72 44 79 39 M2 Maths en action :\u00a0Simon MASNOU &#8211; T\u00e9l : +33 (0)4 72 43 <a class=\"more-link\" href=\"https:\/\/mastermas.univ-lyon1.fr\/index.php\/infos-pratiques\/\">Lire plus &#8230;<\/a><\/p>\n","protected":false},"author":5,"featured_media":0,"parent":0,"menu_order":0,"comment_status":"closed","ping_status":"closed","template":"","meta":{"footnotes":""},"class_list":["post-143","page","type-page","status-publish","hentry"],"_links":{"self":[{"href":"https:\/\/mastermas.univ-lyon1.fr\/index.php\/wp-json\/wp\/v2\/pages\/143","targetHints":{"allow":["GET"]}}],"collection":[{"href":"https:\/\/mastermas.univ-lyon1.fr\/index.php\/wp-json\/wp\/v2\/pages"}],"about":[{"href":"https:\/\/mastermas.univ-lyon1.fr\/index.php\/wp-json\/wp\/v2\/types\/page"}],"author":[{"embeddable":true,"href":"https:\/\/mastermas.univ-lyon1.fr\/index.php\/wp-json\/wp\/v2\/users\/5"}],"replies":[{"embeddable":true,"href":"https:\/\/mastermas.univ-lyon1.fr\/index.php\/wp-json\/wp\/v2\/comments?post=143"}],"version-history":[{"count":8,"href":"https:\/\/mastermas.univ-lyon1.fr\/index.php\/wp-json\/wp\/v2\/pages\/143\/revisions"}],"predecessor-version":[{"id":1413,"href":"https:\/\/mastermas.univ-lyon1.fr\/index.php\/wp-json\/wp\/v2\/pages\/143\/revisions\/1413"}],"wp:attachment":[{"href":"https:\/\/mastermas.univ-lyon1.fr\/index.php\/wp-json\/wp\/v2\/media?parent=143"}],"curies":[{"name":"wp","href":"https:\/\/api.w.org\/{rel}","templated":true}]}}